5/(-51) - -1*(246 + -1). Calculate the highest common factor of u and c.
48
Let p(a) = -a**2 - 3*a + 2. Let g be p(-4). Let i be ((-12)/5 - g) + (-114)/(-10). Calculate the greatest common divisor of 55 and i.
11
Let y(w) = -w**3 - 14*w**2 + 12*w - 37. Let t be y(-15). Suppose -4*p = -t, -4*o - 3*p + 90 = -2*p. Calculate the highest common divisor of o and 110.
22
Suppose 3*f + 4*a = 436, 9*f - 8*f - 5*a = 158. Calculate the highest common divisor of 4 and f.
4
Let p be 1 + (6/9 - 1/(-3)). Suppose 0 = -h - 4*g + 48, -p*h + 40 + 32 = -4*g. What is the greatest common divisor of 440 and h?
40
Let x(q) = q**2 + 19*q - 37. Let h be x(-21). Calculate the highest common factor of 40 and h.
5
Suppose -y - 3*y = -176. Let m = y - 11. What is the highest common divisor of 165 and m?
33
Suppose -54*x + 50*x = -224. What is the highest common divisor of 32 and x?
8
Let o be ((-8)/6)/(8/(-408)). Calculate the highest common divisor of o and 816.
68
Suppose 0 = -l - 2*l + 9. Suppose -l*h + 144 = -h. Calculate the greatest common factor of 24 and h.
24
Let q(l) = -l**3 + 8 + 6*l**2 - 6*l**2 + 4. Let r be q(0). Let o = -13 - -21. What is the highest common factor of r and o?
4
Let r = -807 + 862. Calculate the greatest common factor of 10 and r.
5
Let o be (0 - 0) + 2 - -27 - (-1036 - -1031). Let h(b) = 10*b**2 + 3*b + 4. Let d be h(-3). Calculate the greatest common divisor of o and d.
17
Let t be 2*(-56)/(-3 - 1). Let r(z) = -4*z - 21. Let i be r(-7). Calculate the highest common factor of i and t.
7
Suppose 3 = 6*q - 9. Let s(w) = -2*w**2 + 11*w - 9. Let x be s(7). Let k = x + 52. What is the highest common divisor of k and q?
2
Let b(s) = -s - 88. Let o be b(0). Let w be 9/(-12) - (-276)/(-16). Let n be (w/(-8))/((-2)/o). What is the greatest common factor of 9 and n?
9
Suppose -5*v + 630 = -5*x, -4*x + 20 = 12. Calculate the highest common factor of 48 and v.
16
Suppose -2*k - 62 = -20. Let a be 72/k*(-210)/20. Calculate the highest common factor of a and 12.
12
Suppose 3*y = -12, 10*p - 2*y = 7*p + 233. What is the highest common factor of p and 2325?
75
Let f be 2/(-37) + 6554/2146. Let n(q) = -9*q - 4. Let r be n(-4). Suppose -5*d + r = -103. Calculate the highest common factor of f and d.
3
Suppose 20*l = 7*l + 3016. Calculate the highest common divisor of l and 29.
29
Let o be -2 - -2 - (-49 + (3 - 4)). Let i = 56 - o. What is the greatest common factor of i and 9?
3
Let r(z) = -73*z**3 + 2*z**2 - z - 2. Let j be r(-1). Calculate the highest common divisor of 518 and j.
74
Suppose -11 = 8*a - 75. Suppose -14 = -4*v - 2*i - 2, 2*i = -3*v + a. What is the greatest common divisor of v and 16?
4
Let d(a) = -16*a - 148. Let f be d(-18). What is the highest common divisor of 1190 and f?
70
Let b(l) = 21*l**2 - 2*l + 2. Let s be b(1). Suppose 17 = 3*p - 4. Calculate the highest common factor of p and s.
7
Let z = 3432 - 1596. What is the highest common factor of z and 34?
34
Let z = 201 + -166. What is the highest common divisor of 385 and z?
35
Suppose 0 = -4*u - i + 337, -5*u + 14*i + 464 = i. Calculate the highest common divisor of u and 493.
17
Suppose 0 = -5*h - 0*f - f - 609, 4*h - 4*f = -492. Let q = -106 - h. Let k = 51 + 13. Calculate the highest common factor of k and q.
16
Suppose -91*t + 8588 = 22*t. What is the highest common factor of 361 and t?
19
Let o(b) = 10*b + 5. Let j be o(9). Let n be (-1)/(-4) + j/20. Suppose 0 = -n*h - 0*h + 85. What is the greatest common factor of 153 and h?
17
Let v = -6 - -8. Suppose -v*s + 140 = 3*s. Let t(i) = -i**3 + 14*i**2 + 20*i - 5. Let j be t(15). Calculate the greatest common factor of s and j.
14
Let l = -152 + 192. Suppose 2*g - 34 = 2*u + 18, 3*g - 78 = -u. Let d = g + -18. What is the greatest common divisor of d and l?
8
Let f(t) = 8*t - 18. Let o be f(9). Let p(d) = -d**2 + 15*d + 118. Let a be p(20). What is the highest common factor of a and o?
18
Let z be (-2882)/(-18) - 1/9. Let f be -10*((-2 - 0) + 0). Calculate the greatest common divisor of f and z.
20
Suppose 2*n + 6*f - 3*f + 8 = 0, -2*f = 0. Let j be (4*1/(-3))/(n/864). Calculate the greatest common factor of 36 and j.
36
Let a = -210 - -258. Calculate the greatest common divisor of 72 and a.
24
Let s = -2 + 6. Suppose -4*z + 34 = 3*q, 3*q - 2*z + 42 = 7*q. What is the highest common divisor of q and s?
2
Let t = -1041 - -1100. What is the greatest common divisor of t and 531?
59
Let x be (-109)/9 - 7/(-63). Let c be (3/(-2))/(x/112). What is the highest common factor of c and 56?
14
Suppose -l + 4 - 2 = 0. Let p = 10 + -9. Let d = l + p. What is the greatest common factor of 6 and d?
3
Let k = 75 + -45. Let m(w) = 0*w**2 + 27 - 21 + w**2. Let f be m(0). Calculate the highest common factor of f and k.
6
Suppose -18*i = -13*i - 20. Calculate the greatest common factor of 52 and i.
4
Let a = -1977 - -2844. What is the highest common factor of a and 51?
51
Let v be (-3)/(-6)*(-158 + 0). Let l = v + 99. Let q = 47 - 17. Calculate the highest common divisor of l and q.
10
Suppose 0 = 4*y + 4*c - 260, -6*y = -y - 3*c - 301. Calculate the greatest common divisor of 124 and y.
62
Let t(j) = -j**3 - 13*j**2 + 14*j + 17. Let a = -11 + -3. Let s be t(a). What is the highest common factor of s and 187?
17
Let j = 39 + -3. Let f be 2/6 + 142/6. What is the highest common factor of f and j?
12
Let s be 0/((-4)/8*4). Let p = s + 19. Suppose 3 = -v + p. Calculate the highest common factor of 64 and v.
16
Suppose 4*d + 2*t = -24 - 46, -4*d + 2*t = 90. Let y be -100*((-72)/d - 4). Calculate the highest common factor of y and 440.
40
Let z be ((-5 - -7) + -1)*7 + 546. Calculate the greatest common factor of z and 316.
79
Let v = 408 - 369. Calculate the highest common factor of v and 104.
13
Suppose 0 = 5*b - 3*f - 516, 0 = 4*b - f - f - 414. Calculate the greatest common factor of b and 63.
21
Suppose 2*o + 124 = 3*t + 344, 4 = -t. Suppose 4*a - 2*n = 486, 2*n - o = -a - n. What is the greatest common factor of 17 and a?
17
Let x(b) = b**3 + 15*b**2 - 16*b + 10. Let h be x(-16). What is the greatest common factor of h and 32?
2
Let v be (-6)/(-3*4/(-40)). Let k = v - -31. Calculate the highest common divisor of 77 and k.
11
Let n = -2016 + 2026. What is the greatest common factor of 320 and n?
10
Suppose -3994 + 970 = -21*b. Calculate the highest common divisor of 18 and b.
18
Suppose -404 = -3*y - 14. Suppose -5*s - 40 = -k, 5*s = -k + 5*k - y. Let l = 28 + -13. Calculate the highest common factor of k and l.
15
Suppose 6*n = 17 + 1. Suppose b - 4 = -n*b. Suppose -2*m = 62 - 80. Calculate the greatest common divisor of m and b.
1
Let g be 574/4*(-108)/(-189). What is the highest common factor of 164 and g?
82
Let h be ((-53)/4)/(1/(-4)). Let q = h + -32. Let x(u) = -8*u - 3. Let d be x(-3). Calculate the greatest common factor of q and d.
21
Let q be 1/(-1 + 24/20). Suppose m + 2*m - q*y = 25, 5*m + y + 5 = 0. Suppose -3*b - b + 4 = m. What is the greatest common factor of 5 and b?
1
Let y(r) = -r**3 - 15*r**2 + 16*r + 24. Let h be y(-16). Calculate the greatest common divisor of 384 and h.
24
Suppose -5*i = 2*h - 2, -3*i = -5*h - 38 + 12. Suppose -o - i = -6. What is the highest common factor of 16 and o?
4
Suppose -5*x = 8*d - 4*d + 13, x + 2*d = 1. Let u(r) = -r**2 - 7*r - 2. Let t be u(x). What is the greatest common factor of 24 and t?
8
Let p = 90 + -87. Suppose 90 = p*n - 2*t + 4*t, -4*t = 0. What is the highest common factor of n and 18?
6
Suppose -5*x = -3*x - 88. Let l(j) = -43*j + 110. Let g be l(0). Calculate the greatest common divisor of x and g.
22
Let j(i) = -23*i. Let b(d) = 70*d - 1. Let l(r) = -3*b(r) - 8*j(r). Let u be l(-2). Suppose -5*z + 20 + u = 0. What is the highest common divisor of z and 75?
15
Let l be (-4)/((-3 + 11)/(-4)). Suppose -16 = -4*f, 0*n + 4*f = 2*n - l. Let o be 3*(-1 + 6 + -2). What is the greatest common factor of n and o?
9
Suppose -3 = -5*s + 2*y + 6, 5*y - 18 = -s. Suppose 5*b + s*h = 5, -2*h + h - 21 = -4*b. Calculate the highest common factor of b and 52.
4
Suppose -201*o + 153*o = -768. What is the highest common divisor of 220 and o?
4
Suppose 4*b - 12 = -4*u, 3*u + 4*b = -3 + 12. Let p = 137 - 82. Let v = p + -40. What is the greatest common factor of v and u?
3
Let d(u) = u**2 + u - 5. Let z be d(